. Give y(-5).
24
Let l(z) = -2*z + 10. Give l(3).
4
Let s(k) = k + 13. Determine s(-11).
2
Let a(x) = x**2 + 9*x - 10. What is a(-5)?
-30
Let p(f) = 3*f**2 - 68*f - 32. Calculate p(23).
-9
Let b(c) = -12*c + 16. What is b(2)?
-8
Let m(b) = b**3 - 11*b**2 - 6. Give m(11).
-6
Let c(n) = -6*n - 9. Calculate c(7).
-51
Let f(v) = -v**3 + 7*v**2 - 7*v - 8. Calculate f(6).
-14
Let d(g) = -g**3 + 5*g**2 + 35*g + 11. Give d(9).
2
Let m(b) = -2*b**2 - 13*b + 31. Calculate m(-7).
24
Let v(a) = -2*a**3 - 11*a**2 + 22*a + 8. What is v(-6)?
-88
Let t(r) = r**2 + 6. What is t(5)?
31
Let w(l) = -17*l**3 + l**2 + l. Give w(-1).
17
Let d(b) = -b**2 + 23*b - 9. What is d(23)?
-9
Let d(l) = l**3 + 5*l**2 - 9. What is d(-5)?
-9
Let f(g) = g**3 + 17*g**2 - g + 3. Give f(-17).
20
Let s(c) = 326*c + 1629. What is s(-5)?
-1
Let v(n) = 43*n - 3. What is v(-2)?
-89
Let a(z) = z**2 + 3*z - 17. What is a(-7)?
11
Let q(i) = 16*i**2 + 40*i + 9. Calculate q(-2).
-7
Let l(p) = -5*p - 34. What is l(-5)?
-9
Let w(z) = -z**2 + 6*z + 14. Give w(9).
-13
Let j(n) = -5*n**2 - 45*n - 5. Calculate j(-9).
-5
Let g(d) = d**3 - 12*d**2 + d - 2. What is g(12)?
10
Let t(j) = 4*j**2 + 226*j - 121. Give t(-57).
-7
Let t(n) = -n**3 - n**2 + 2*n - 1. What is t(3)?
-31
Let x(i) = i**2 - 3*i + 10. Determine x(4).
14
Let c(b) = -b**3 - 6*b**2 - 6*b. What is c(-5)?
5
Let b(o) = 3*o**3 - o**2 + 2*o - 1. Determine b(1).
3
Let n(h) = 35*h - 1. Calculate n(1).
34
Let b(p) = p**3 - 18*p**2 + 18*p + 12. Give b(17).
29
Let r(j) = -2*j + 21. What is r(6)?
9
Let q(x) = x + 5. Give q(-4).
1
Let c(n) = n**3 + 17*n**2 - n - 24. Calculate c(-17).
-7
Let b(q) = 3*q - 6. Calculate b(9).
21
Let h(s) = -s**3 + 5*s**2 - 4*s + 23. Give h(4).
23
Let v(t) = -t**3 - 13*t**2 + 16*t - 20. Determine v(-15).
190
Let t(q) = -3*q**2 + 4*q - 1. Calculate t(-4).
-65
Let h(s) = -6*s - 7. Determine h(6).
-43
Let s(c) = 3*c + 30. What is s(-9)?
3
Let x(t) = 2*t**2 + t - 52. Give x(-5).
-7
Let m(n) = n**2 + 9*n - 9. What is m(-6)?
-27
Let q(p) = -p**2 + p - 4. Determine q(0).
-4
Let a(g) = g**2 - g + 2. Calculate a(2).
4
Let y(n) = -10*n**2 - 1. Calculate y(2).
-41
Let j(y) = -15*y - 132. Determine j(-10).
18
Let k(p) = -5*p - 90. Calculate k(-10).
-40
Let z(q) = q**2 + 9*q - 3. Give z(-10).
7
Let a(s) = -5*s + 40. Determine a(9).
-5
Let j(u) = 85*u + 1. What is j(-1)?
-84
Let u(i) = 25*i - 566. What is u(23)?
9
Let q(d) = d**2 - 5*d + 6. Give q(6).
12
Let d(v) = v**2 + 8*v + 13. What is d(-7)?
6
Let r(f) = -2*f**2 - 22*f - 40. What is r(-10)?
-20
Let z(p) = 11*p + 1. What is z(-3)?
-32
Let h(z) = 8*z - 46. Determine h(7).
10
Let a(b) = b**3 + 4*b**2 + 2*b + 2. Calculate a(-4).
-6
Let a(g) = 3*g - 88. Determine a(28).
-4
Let z(b) = -b**2 - 12*b + 23. What is z(-13)?
10
Let t(l) = 14*l - 9. What is t(-8)?
-121
Let d(x) = -2*x**2 - 55*x - 28. Give d(-27).
-1
Let x(i) = -i**3 - 4*i**2 + 4*i - 7. Determine x(-6).
41
Let y(f) = -10*f**2 + 2*f + 3. Give y(-2).
-41
Let z(y) = y**2 + 2*y + 3. Calculate z(-3).
6
Let p(d) = -d**3 + 2*d**2 - 5*d + 3. What is p(1)?
-1
Let s(o) = o**2 + 15*o - 6. What is s(0)?
-6
Let c(v) = v**3 - 8*v**2 - 5*v + 63. Determine c(8).
23
Let b(r) = 4*r**2 - 5*r - 8. Give b(6).
106
Let x(m) = -2*m + 4. Calculate x(8).
-12
Let c(l) = -l**2 + 2*l + 7. Determine c(5).
-8
Let s(n) = -n + 7. Give s(-4).
11
Let g(m) = m**2 - 6*m + 6. Determine g(6).
6
Let o(j) = -j**2 - 19*j + 16. Determine o(-10).
106
Let f(o) = -o**3 + 21*o**2 - o + 18. What is f(21)?
-3
Let z(s) = 93*s - 10. What is z(2)?
176
Let m(k) = -4*k - 40. Calculate m(-19).
36
Let y(a) = -a**3 + 2*a**2 + 3*a. Calculate y(2).
6
Let q(j) = -j**3 - 4*j**2 - 4*j - 4. Calculate q(-5).
41
Let v(b) = b**2 - 4*b - 22. Give v(-5).
23
Let m(u) = u**3 - 17*u**2 - 18*u + 4. Determine m(18).
4
Let j(v) = -3*v + 7. Determine j(3).
-2
Let k(g) = g**2 - 4*g - 25. Give k(8).
7
Let m(u) = -u**2 + 36. Determine m(-6).
0
Let a(o) = o**3 + 8*o**2 - 5*o - 9. Determine a(-7).
75
Let s(v) = -v**2 + 11*v + 11. Give s(11).
11
Let d(f) = 3*f - 35. Give d(23).
34
Let n(p) = -4*p - 7. Give n(-1).
-3
Let a(h) = -h**2 - 15*h - 6. What is a(-14)?
8
Let w(v) = -6*v. Give w(5).
-30
Let g(u) = u**3 + 10*u**2 + 9*u + 7. Determine g(-8).
63
Let q(y) = y**3 + y**2. Calculate q(-2).
-4
Let i(m) = m**3 - 2*m**2 + 3. What is i(0)?
3
Let n(y) = -y**2 + 7*y - 8. Determine n(5).
2
Let c(o) = o**2 + 6*o - 6. Give c(-8).
10
Let i(q) = -17*q. What is i(1)?
-17
Let b(i) = 4*i + 19. Determine b(-10).
-21
Let s(p) = 10*p + 18. What is s(-5)?
-32
Let f(t) = -t**3 - 8*t**2 + t + 1. Give f(-8).
-7
Let w(i) = -12*i + 85. Calculate w(4).
37
Let q(g) = -g**3 + 6*g**2 + 9*g - 16. Determine q(7).
-2
Let a(z) = -z**2 + 13*z + 21. What is a(15)?
-9
Let d(a) = -a**2 - 3*a + 4. What is d(-5)?
-6
Let s(t) = -2*t**2 + 7*t + 11. What is s(9)?
-88
Let g(v) = 3*v - 10. What is g(7)?
11
Let g(k) = 36*k - 228. Determine g(8).
60
Let a(v) = -v + 8. What is a(2)?
6
Let l(f) = -2*f**2 - 19*f - 16. Give l(-8).
8
Let f(t) = t - 2. Determine f(7).
5
Let q(n) = 2*n**2 + 18*n + 4. Calculate q(-9).
4
Let f(b) = -b**2 + 2*b + 3. Give f(-3).
-12
Let b(i) = 10*i**2 + 3*i - 3. Determine b(1).
10
Let f(l) = -l**2 - 7*l - 9. Calculate f(-5).
1
Let y(a) = -41*a + 446. Calculate y(11).
-5
Let s(c) = -2*c**2 - 72*c + 155. Determine s(-38).
3
Let z(r) = -r**2 - 4*r + 3. Calculate z(-4).
3
Let n(g) = -2*g**3 + 16*g**2 - 14*g + 2. Give n(7).
2
Let h(j) = j**3 + 3*j**2 + j + 5. What is h(-4)?
-15
Let i(v) = 2*v - 74. What is i(19)?
-36
Let i(w) = 4*w + 20. Calculate i(-6).
-4
Let g(m) = m**3 - 9*m**2 + 16*m - 8. What is g(6)?
-20
Let g(n) = -n**2 - 7*n - 11. What is g(-6)?
-5
Let k(m) = 3*m - 16. Determine k(8).
8
Let n(t) = 3*t + 83. Determine n(-30).
-7
Let s(d) = -d. Determine s(-1).
1
Let u(n) = n**3 + 24*n**2 + 20*n - 57. Calculate u(-23).
12
Let c(l) = -4*l**2 + 67*l - 21. Determine c(16).
27
Let g(i) = -7*i**2 + i + 7. What is g(0)?
7
Let c(r) = -6*r + 64. Give c(19).
-50
Let b(j) = j**3 - 8*j**2 - 7*j + 1. Determine b(9).
19
Let l(k) = k - 11. What is l(9)?
-2
Let k(j) = -6*j**3 + j**2 - 2*j - 1. Calculate k(-2).
55
Let x(p) = p**3 - 10*p**2 + 9. Determine x(10).
9
Let i(l) = l**3 - 2*l**2 + l + 16. Calculate i(0).
16
Let u(b) = -b**2 + 15*b + 9. Give u(11).
53
Let p(k) = k**3 + 12*k**2 + 13*k - 20. Calculate p(-10).
50
Let r(t) = -t**2 + 11*t + 5. What is r(12)?
-7
Let g(r) = r - 3. Determine g(-12).
-15
Let a(r) = r - 11. Determine a(11).
0
Let j(n) = -n**3 + 16*n**2 + 20*n - 69. Give j(17).
-18
Let n(b) = 4*b - 19. Calculate n(9).
17
Let q(l) = l**2 - 4*l + 27. What is q(11)?
104
Let u(m) = -m**2 - m + 14. Calculate u(-4).
2
Let r(v) = -132*v**3 + 3*v**2 + 2*v - 1. Calculate r(-1).
132
Let r(d) = d**3 + 2*d**2 - 11*d - 1. Determine r(-4).
11
Let x(b) = b**3 - 6*b**2 - 4*b + 7. What is x(4)?
-41
Let a(s) = 3*s + 79. Calculate a(-27).
-2
Let f(c) = c**3 + 4*c**2 - 8*c - 7. Give f(-5).
8
Let k(l) = -l**2 + 5*l + 2. Give k(3).
8
Let j(i) = -24*i + 74. Give j(9).
-142
Let l(s) = s**2 - 13*s + 5. Give l(8).
-35
Let a(j) = -j**3 + 11*j**2 - 6*j + 61. What is a(11)?
-5
Let w(g) = 2*g**3 + 4*g**2 + g + 4. What is w(-3)?
-17
Let i(h) = h**3 - 87*h**2 - 88*h - 7. Calculate i(88).
-7
Let y(v) = -v**3 + 22*v**2 + v + 1. Calculate y(22).
23
Let g(v) = 40*v - 46. Give g(1).
-6
Let f(z) = 4*z**3 - 71*z**2 + 52*z - 15. Calculate f(17).
2
Let j(b) = -9*b**2 + 58*b + 1. Calculate j(6).
25
Let v(t) = t**3 + 4*t**2 - t + 14. What is v(-6)?
-52
Let i(g) = -21*g + 171. What is i(8)?
3
Let j(m) = -5*m - 73. What is j(-15)?
2
Let x(q) = 2*q + 4. What is x(-4)?
-4
Let f(x) = x**3 + 3*x**2 - 15*x - 6. Give f(-6).
-24
Let b(w) = -w**3 - 2*w**2 - 5*w - 7. Calculate b(0).
-7
Let u(c) = -2*c - 7. Calculate u(-4).
1
Let z(q) = -q**2 - 8*q - 2. Determine z(-9).
-11
Let c(g) = g**3 + 7*g**2 + 6*g + 8. Calculate c(-6).
8
Let i(q) = -q**2 + 36*q + 123. Determine i(39).
6
Let y(q) = -q**2 - 10*q - 7. Determine y(-8).
9
Let k(x) = -2*x**2 - 25*x - 63. Calculate k(-9).
0
Let l(w) = -9*w**2 - 27*w + 2. Determine l(-4).
-34
Let w(o) = -4*o**2 - 2*o - 9. Give w(4).
-81
Let w(k) = -k + 6. Determine w(8).
-2
Let f(n) = 30*n + 470. Determine f(-16).
-10
Let y(f) = f**3 - 6*f**2 + 12. Determine y(6).
12
Let z(w) = 5*w. What is z(11)?
55
Let b(m) = -m**3 - 10*m**2 + 3*m - 5. Cal